*5/60 + 9*t**4/8 - 37*t**3/6 + 2330*t**2. What is j(-28)?
-9
Let n(p) = -17*p + 9. Let w(k) be the third derivative of -5*k**4/12 + 5*k**3/6 + 12*k**2 + 3*k. Let z(r) = 3*n(r) - 5*w(r). What is z(-7)?
9
Let c(o) = -5*o - 16. Let t(z) = 2*z + 6. Let p = -320 + 323. Let j(q) = p*c(q) + 8*t(q). Give j(3).
3
Let g(s) = s**2 - 1. Let o be g(1). Suppose 0 = -2*i + 10 - o. Suppose 8 = -i*u - 12. Let v(f) = f + 1. Determine v(u).
-3
Let f(o) be the third derivative of o**7/2520 - 79*o**5/60 + 43*o**2. Let w(d) be the third derivative of f(d). Calculate w(2).
4
Let f(l) = -10*l**2 + 2*l + 3. Let w(b) = 26 - 14*b + 17*b - 1. Let j be w(-9). Calculate f(j).
-41
Suppose 132*z - 133*z + 7 = 0. Let t(p) be the second derivative of -p**4/12 + 4*p**3/3 + 9*p**2/2 + 13*p - 5. Calculate t(z).
16
Let g(z) = -3*z**2 - 19*z - 31. Let i(f) = -4*f**2 - 20*f - 45. Let a(u) = 3*g(u) - 2*i(u). Give a(0).
-3
Let q(w) be the second derivative of -1/3*w**3 + 67*w - 11/2*w**2 + 0. Give q(-8).
5
Let n(s) be the first derivative of s**3/6 + s**2 + 138*s + 104. Let h(l) be the first derivative of n(l). Determine h(5).
7
Let n(g) = -g - 2*g**3 - 6 - 8*g + 2*g**3 + g**3 + 50*g**2 - 44*g**2. Calculate n(-7).
8
Let c(w) = -13 - 153*w - 298*w**3 + 174*w - 6 + 297*w**3 + 20*w**2. What is c(21)?
-19
Let j(b) = -b**3 - 56*b**2 - 54*b + 54. Let a = 4801 + -4856. Give j(a).
-1
Suppose -7*a = 2*f - 6*a - 23, f - 19 = -2*a. Let q(w) = -w**2 - f + 72*w + 6 - 9 - 62*w. Give q(9).
-3
Let y(j) be the second derivative of j**6/720 - j**5/30 + j**4/6 - 75*j**2/2 - 15*j. Let c(i) be the third derivative of y(i). What is c(5)?
1
Suppose -s + 5 = 2*d + 2*s, 25 = 3*d + s. Let x = 12 + d. Suppose 0 = -5*c - j - 6 - x, 5*c = -4*j - 37. Let g(w) = -w**2 - 5*w - 1. What is g(c)?
-1
Suppose -42 = 3*j + 63. Let t = j + 40. Suppose -v + 1 = -t. Let z(a) = -5*a + 4. What is z(v)?
-26
Let i(t) = 2*t + 3. Let u be i(2). Suppose 0 = -4*g + u*g - 18. Let p(a) = -8 + 2*a - g - a. Give p(0).
-14
Let z(k) = -k. Suppose -16 = 4*x, -x - 6 + 5 = y. Suppose 16 - 5 = 11*c. Suppose 2*i - 17 = y*g - c, -5*i = -4*g - 19. Determine z(g).
6
Let s = -29 + 35. Let j(r) be the first derivative of r**2 - 11*r - 487. Calculate j(s).
1
Let q(v) be the third derivative of -v**5/20 + 7*v**4/24 - 17*v**3/6 - 2*v**2 - 28*v. Give q(5).
-57
Let m(n) = n**3 - 9*n**2 + 34*n - 135. Let a be m(7). Let c(b) be the third derivative of b**5/30 - b**4/3 + 5*b**3/6 - 4*b**2. Calculate c(a).
15
Let k(u) = -u**2 - 6*u + 5. Let y(h) = -3*h**2 + 48*h - 188. Let b be y(6). What is k(b)?
-11
Let m(n) = 2*n**2 - 17*n + 11. Suppose -2*i + 10 = -4*h, -17*i + 14*i + 5*h = -16. Give m(i).
-10
Let y(h) = -392*h**2 - 388*h**2 + 21*h - 395*h**2 - 394*h**2 + 1576*h**2 + 46 + h**3. Determine y(-5).
-9
Suppose 268*d - 124*d = 133*d. Let t(m) = 2*m**3 + 2*m**2 - m - 10. Calculate t(d).
-10
Suppose 3*i = -2*q + 64, -i + 2*q + 96 = 4*i. Suppose -2*z - 5*g - 24 = 0, -2*z + 0*z - 4*g - i = 0. Let t(c) = 2*c**3 - 3*c - 2. Give t(z).
-12
Let l(f) = f**3 - 30*f**2 + 182*f + 142. Let x be l(21). Suppose 0 = -2*h + 6*h + o - 11, -h = -3*o - 6. Let c(a) = a**2 - h*a + 7*a - 4 + 1. What is c(x)?
2
Let b = 877 + -878. Let j(t) be the second derivative of 19*t**4/12 - t**3/6 - t**2/2 - 206*t. Give j(b).
19
Let h(u) be the first derivative of u**2/2 + 8*u + 1. Let b = 26086 + -26097. Give h(b).
-3
Let z(w) = -25*w**2 + 101*w - 15. Let u(o) = 9*o**2 - 35*o + 4. Let v(j) = -8*u(j) - 3*z(j). Give v(7).
-1
Let c(j) = 2*j**3 + 11*j**2 - j - 11. Suppose 566*w - 45 = 575*w. Let k be c(w). Let y(f) = f**3 - 18*f**2 - 20*f + 24. Give y(k).
5
Let z(r) = 6*r**3 - r**2 - 2*r - 1. Let i(h) be the first derivative of h**3/3 - 17*h**2/2 + 44*h - 33. Let u be i(8). Let q be 2/7 + 36/u. Determine z(q).
-6
Let g(l) = 2*l**3 - l. Let q be g(1). Let m be q/(-4) - (-27)/12. Let i(c) = m - 19 + 7 + c. Calculate i(7).
-3
Let o(q) = 8 + 52 - 8 + 5398*q - 5424*q + 2*q**2. Give o(11).
8
Suppose -3*y = h + 26, 3*h + 179 = 182. Let g(r) = 8*r + 71. Calculate g(y).
-1
Let c = -63 + 68. Suppose 0 = 4*l - 3*a - 17, c*l = -0*l + 2*a + 16. Let u(h) = 2 - 5 + 10*h - 3*h. What is u(l)?
11
Suppose 0 = -19*s + 15*s - 16. Let i(h) = h**2 - 28*h + 31. Let u(v) = 2*v**2 - 58*v + 63. Let q(w) = s*u(w) + 9*i(w). What is q(18)?
-9
Let n(x) be the first derivative of x**4/3 - x**3/3 - 27*x**2 + 58. Let v(d) be the second derivative of n(d). Give v(3).
22
Let d(k) = -1202*k + 10. Let l be d(0). Let s(n) be the third derivative of -n**4/24 - n**3/6 - 2*n**2. Calculate s(l).
-11
Let i(n) = -n**2 - n**3 - 1 + 379*n - 192*n - 188*n - 3. Let b(h) = 2*h**3 + h**2 + 2*h + 7. Let l(c) = -3*b(c) - 5*i(c). Calculate l(2).
-3
Let s(l) = -l**3 - 27*l**2 - 53*l - 23. Let t(y) = 341*y - 3094. Let n be t(9). What is s(n)?
52
Let r(i) be the second derivative of i**5/20 + i**3/3 + 37*i**2/2 + 629*i. Give r(0).
37
Suppose 5*q - 5*g = -35, 3*q - 140*g + 21 = -136*g. Let o(r) = r**3 + 9*r**2 + 10*r - 9. Calculate o(q).
19
Suppose 5*b = -2*q - 10 + 14, b + 16 = q. Let j(p) = p**2 - 7*p - 53. Determine j(q).
7
Let z(m) be the first derivative of -10*m**2 - 13*m - 1347. What is z(-5)?
87
Let g(q) = q**2 - 23*q + 50. Suppose 89*u - 1835 = -30*u + 545. Determine g(u).
-10
Let g(z) = z**2 - z + 6. Let q(i) = 15 + 33*i + 2 - 19*i**2 - 3*i**3 + 8*i + 2*i**3. Let c be q(-21). Suppose -c*b = -34*b. Give g(b).
6
Let m(u) = 2*u + 33. Suppose 2*d + 13 + 0 = -21. Determine m(d).
-1
Let f(w) = 2 + 444597*w**3 - 3*w - w**2 + 5*w - 444598*w**3. Give f(3).
-28
Let b(d) be the first derivative of -4*d**2 - 75*d - 11691. Calculate b(-8).
-11
Let y(s) = s**2 - s - 6. Let r be (-3)/(-24)*2 + -66*(-7)/(-56). Give y(r).
66
Let o(z) = -7*z - 5. Suppose -m = 4*x + x - 29, -16 = -4*m. Let n(v) = -4 + 6 + 15*v + 12 + x*v. Let a(f) = 6*n(f) + 17*o(f). Calculate a(-6).
-7
Let m(t) = -193*t - 2113. Let p be m(-11). Let s(u) = 3*u - 33. Calculate s(p).
-3
Let w(p) = 5 + 4 - p**2 - 5 - 146*p + 73*p + 77*p. Determine w(-3).
-17
Let b(m) = m**3 - 5*m + 1. Let n be (9 - 133/14)/(2/(-8)). Determine b(n).
-1
Let g(c) = c**2 - c. Let b(r) = -3*r**2 + 10*r + 8. Suppose 0 = 3*n - 486 + 483. Let j(x) = n*b(x) + 2*g(x). Let s = 15 + -6. Give j(s).
-1
Let c = 50 - 48. Suppose -j + 10 = c*z, z + 3 = 5. Let u(g) = j*g - 1 + g**3 + 100*g**2 - 107*g**2 + 3. Determine u(6).
2
Let u be 12 - (-7 + (4 - -2)). Suppose -h - 10 = -2*w, h - 10*w = -u*w. Let t(x) = -x**3 - 5*x**2 + 7*x. Calculate t(h).
-6
Let v(x) = x**2 - 7*x + 6. Suppose 0 = 4*q - 10 + 2. Suppose -2*n + 2*r = 16, 4*n - q*r = -6*r - 40. Let a = 15 + n. Give v(a).
0
Let w(l) = 13*l + 239. Let x(f) = -f**2 + 9*f - 39. Let a be x(4). Let c be w(a). Let t(i) = -i**3 - 6*i**2 + 17*i - 2. What is t(c)?
-10
Let l(q) = -4*q**3 + 90*q**2 - 7*q - 308. Let w(m) = -3*m**3 + 60*m**2 - 5*m - 221. Let x(s) = 5*l(s) - 7*w(s). Determine x(-30).
7
Let n(a) be the third derivative of -a**6/60 + 19*a**5/20 + 29*a**4/24 - a**3/6 - 8*a**2 + 2*a - 48. Give n(29).
-1
Let t(d) = 5*d - 3*d + 208 - 273 - 4*d. Calculate t(-36).
7
Let o(q) = 4*q - 1. Let j(y) = 11*y - 2. Let l(r) = 3*j(r) - 8*o(r). Let u(w) = -3*w - 8. Let m be u(-1). What is l(m)?
-3
Let o(m) be the second derivative of m**3/6 - m**2 - 2*m. Suppose -4*n = -4*k - 15 - 13, -2*n + 8 = 0. What is o(k)?
-5
Let v(h) = 1. Let y(t) = t + 4. Let x(s) = -2*v(s) + y(s). Let p = -49 + 33. Let o be ((-5)/(-10))/(4/p). Calculate x(o).
0
Suppose 0 = -2*m + 2*f - 13 + 7, 3*f - 1 = m. Let b(p) = -10*p - 43. Determine b(m).
-3
Let m(s) = 227*s - 920. Let p be m(4). Let x(a) = a**3 + 13*a**2 + 15*a - 5. Determine x(p).
-41
Let y(t) = -106*t - 4 + 29*t - t**2 + 38*t + 31*t. Let a(o) = -11*o**2 + 3*o. Let x be a(1). What is y(x)?
-4
Let m(r) be the second derivative of r**4/12 + r**3/6 + 3*r**2/2 - 2*r. Suppose -83*u + 100 = 349. What is m(u)?
9
Let c(d) = -d**2 - 9*d - 4. Let n(m) = m**2 + 9*m + 5. Let q(h) = 2*c(h) + 3*n(h). Suppose -1157*t + 28 = -2322*t + 1161*t. Calculate q(t).
-7
Let l(d) = -d**3 + 67*d**2 - 258*d + 386. Let w be l(63). Let h(c) = c**3 - 6*c**2 - 25*c - 3. What is h(w)?
-75
Suppose 59*p - 55*p - 371 = -3*b, -488 = -4*b - 4*p. Suppose 21*g - b = -96. Let q(d) = 7*d - 3 + 2 + 13*d. Give q(g).
19
Let i = -42 - -42. Suppose i = -3*y - s - 5, y - 6*y + s + 5 = 0. Suppose -10*d + 40 =